-22 - 9 - 29.
35
Calculate 14 - -1 - (-14 + (-9 - -19)).
19
What is 1 - ((-5 - -2) + -7 - (-23 + 23))?
11
What is (7 - 0 - 26) + (-12 + -5 - -15)?
-21
Calculate (-10 - (-2 + (11 - 7))) + 9 - 5.
-8
Calculate -12 - 17 - (5 + (12 + -4 - 19)).
-23
What is the value of (-1 - 3) + -20 + 33?
9
What is the value of -9 + (3 - (-5 + 7 - 1))?
-7
(-8 - 0) + 637 + -646
-17
What is the value of -2 + 15 + (16 - 43) - 6?
-20
1 - 2 - (-16 + 11 + -12)
16
What is the value of 9 + 7 + -24 + -1 - 1?
-10
Calculate (-1 + 0 - 12) + (225 - 186).
26
5 + -2 - (6 + -11 + -1)
9
Calculate 11 + (6 - -3 - 14) + -1 + 1.
6
What is the value of 8 - 9 - (-113 - -111)?
1
Calculate -3 + 18 + 7 + -12 - 0.
10
What is the value of -2 + (-17 - -7 - -8) + 11?
7
5 + -5 + 8 - (6 + 21)
-19
37 + -51 - (-6 + -1) - (4 + -11)
0
Evaluate (1 - 5) + (1 - 1) + 10 - 4.
2
-3 - (4 - (3 - 7)) - -31
20
Calculate 28 - 43 - (-8 + 13).
-20
Evaluate 19 + -9 + 8 + 7 + (1 - 1).
25
Evaluate -2 - (-17 + 13 + -1).
3
Calculate -7 - (15 + (-9 - 24 - -2)).
9
What is the value of 13 - (-4 - (15 + -39 + -12))?
-19
(13 - 9) + (20 + -3 - -3)
24
What is 1 + (21 + -24 - (-3 + -2))?
3
42 + 0 + -169 + 147
20
Evaluate 43 + -38 - (1 - (-2 - -3 - 3)).
2
(-2 - -1) + -11 + (7 - 2) - 4
-11
What is (0 - (-3 - -16)) + 33?
20
Calculate (-7 - (-1 - -5)) + (-1 - -8).
-4
Calculate 9 - (1 - -5 - (-19 + -8)) - -6.
-18
What is the value of 21 + (-12 - (-12 - -9))?
12
What is (5 - (8 - 4 - 7)) + -1?
7
39 + (1 - 1) - (-20 + 35)
24
-6 + (-11 - -3 - -9) - 7
-12
What is the value of (-25 - (4 - 13)) + 9?
-7
What is 8 + 4 - (-1 - -12)?
1
What is -7 + (12 - 23) + 13?
-5
What is the value of -3 - ((10 - -6) + -26)?
7
What is the value of 3 + (11 - (-3 + -16)) + -2 - 4?
27
What is the value of 3 + 6 + -13 + 8 + 4?
8
16 + -11 - (6 + -14)
13
16 - (6 - (-22 - -25))
13
Evaluate -5 - (7 + -4) - (3 + 1 + -8).
-4
-4 + (83 + -75 - ((0 - -1) + -11))
14
What is 7 - (-10 + (9 - 4))?
12
What is -29 + (-8 - (-65 - 5))?
33
What is -4 + (25 + -6 - 3)?
12
(-60 - (-47 - -17)) + 0
-30
Evaluate -1 + 2 - (12 + (13 - 39) + 7).
8
Calculate 14 + -2 - ((2 - -5) + 1 + -10).
14
Evaluate -1 - (5 + -10 + -5).
9
Calculate 4 + -3 + -9 - (53 - 56).
-5
Evaluate 9 - 0 - (-6 + 0 + 0 - -7).
8
What is (-3 - 2) + 11 + -8?
-2
What is the value of -1 + -7 + (-6 - -22)?
8
What is the value of -24 + (-11 + -13 + 25 - (1 + -5))?
-19
Calculate 19 - 13 - 10 - 6.
-10
What is the value of -26 + (13 - (-36 - -47))?
-24
Calculate 14 - ((11 - -6) + 3).
-6
Evaluate -18 + 4 - (-25 + -3).
14
Calculate 1 + -16 + (-2 - -10).
-7
5 - (-9 + 1 - (80 - 88))
5
What is the value of (28 - 32) + 3 + 2 + -1 + 0?
0
Calculate (7 - 2) + -9 + 69 + -53.
12
Calculate 133 + -120 + (4 - 22 - -1).
-4
Calculate (-24 - -44) + -12 - 7.
1
What is the value of (27 - -1) + 30 + -35 + -6?
17
What is the value of (-19 - (-19 - 5)) + 9 + 1?
15
Evaluate (-101 - -110) + -1 + -10.
-2
Evaluate -11 + (2 - 1) + (-53 - -58) + 11.
6
What is -25 - (34 + (-37 - 32))?
10
Calculate 3 + -3 + -2 - (-1 + 1) - -1.
-1
What is -3 - (2 + 1 + 3 - (-30 + 37))?
-2
What is the value of -1 + -5 - ((28 - 19) + -14) - 18?
-19
Evaluate (35 + -22 - 10) + 18.
21
522 - 484 - (-3 + 41)
0
What is 1 + -17 + 20 + 15?
19
2 - ((0 - 14) + (-9 + -2 - -17))
10
What is the value of (21 - 0) + 0 + -9 + -9 + 11?
14
What is (-1 - 15) + 6 + 7 - 7?
-10
-58 + 55 + 2 + -1 + -2 + 0
-4
Evaluate 5 + 2 + 0 - (-7 - -20).
-6
Calculate (-2 - (1 - 6) - 10) + 2.
-5
What is 5 - (4 - (9 + (-9 - -1)))?
2
What is 0 + -11 + (45 - 26)?
8
What is the value of 4 + 4 + -1 + (-170 - -181)?
18
What is 18 + 1 - (23 + 11)?
-15
What is -37 - (35 + -51) - (8 + 1)?
-30
Calculate (12 + -8 - 12) + 1.
-7
-24 - (28 + -15 + -32)
-5
Evaluate 1 - 7 - (5 - (-4 - -15) - 1).
1
Evaluate -1 - (-1 - (-1 + 8 + -12)).
-5
Evaluate -28 + (-12 - (8 + -15)) + 6.
-27
What is 14 + -5 + (-26 - -14) + (10 - 1)?
6
What is (4 - -3) + -21 - -6?
-8
Evaluate (-33 - -30) + 25 + 0 - 8.
14
Calculate -5 + 4 - -4 - (-4 - (2 - -1)).
10
Calculate -31 + 16 + 7 - 2 - 0.
-10
What is 25 + -28 - (-11 - -5)?
3
What is 0 + (0 - -4) + 1 + -6 + -7?
-8
What is (5 + 31 - 4) + (-6 - 5)?
21
(1 - -5) + 6 - (0 + 6 - 1)
7
What is the value of 0 + (-1 - 2) + (-32 - -16 - -26)?
7
Evaluate -1 - -12 - (4 - (-3 + -3 + 6)).
7
Calculate (-268 - -274) + (-1 - (0 - 6)) + -4.
7
Evaluate (-2 + -5 - (-18 - -16)) + 11 - -14.
20
6 + -5 + 11 + (0 - 4 - 1)
7
Evaluate 30 - (12 + -13 + 24).
7
What is 7 + (-15 - -5) - -6 - 0 - 5?
-2
What is (-9 + 0 - (-8 - -2)) + (2 - -2)?
1
Evaluate 31 + -35 - 8 - -36.
24
(-1 - -5) + 8 + -10 - (-3 + -14)
19
What is -1 + 8 - (44 + -38) - -1?
2
What is the value of -4 - 1 - 7 - (-28 + 17)?
-1
Evaluate (141 - 148) + (13 - -5).
11
Calculate 165 + -160 - (3 + -1 + (7 - 3)).
-1
What is -62 - (-15 + 32 + -41)?
-38
Calculate (-3 - -2) + 338 + -345.
-8
Evaluate (-5 - (16 - 7)) + 3.
-11
What is -29 - (11 + -33 + 8)?
-15
What is the value of 6 + (1 + -7 + 41 + -41 - 1)?
-1
29 + -10 + -30 - -26
15
What is the value of -1 - 2 - -1 - -5 - (-3 + 6)?
0
Calculate -11 - (-7 + -7) - 6.
-3
(1 - 0 - (-2 + -7)) + -20
-10
Calculate (-1 - 2) + (-4 - 2 - (58 + -70)).
3
-1 + -5 + -2 - (0 + 7 - 0)
-15
(-8 - -1) + -11 + (9 - 9 - -18)
0
Evaluate -31 - (-30 - -13 - -7) - -5.
-16
Calculate -5 - (1 + -6 - (-52 + 52)).
0
-15 - (2 + 8 - (-7 + 13))
-19
Calculate 0 + 7 - (1 - 1) - (22 + -17).
2
Evaluate (-43 - -32) + (0 - -6).
-5
Evaluate -4 + 18 + -5 + -23.
-14
Calculate -11 - (-12 - (-2 - 7)).
-8
What is the value of (-21 - -34) + -3 - (-8 - -1) - -9?
26
Evaluate -23 + 10 - -5 - (-13 - -28).
-23
What is 275 - 275 - (-2 + -1 + 9 + 1)?
-7
What is the value of 1 - (4 + -2) - (1 + -6 + 7)?
-3
What is (4 - (19 + -17)) + -23 + 3?
-18
What is the value of (-4 - (2 - 17)) + 1?
12
Calculate -6 - -16 - 3 - (12 - 6).
1
Evaluate -1 + -1 + -12 + -559 + 559.
-14
Calculate 7 + 2 - (-37 - -50).
-4
Calculate 14 + (-5 - -1) + (3 - -2) + -1.
14
What is (10 + -2 - (29 - 24)) + 21?
24
Calculate -23 - (-18 - (5 + -12)).
-12
Calculate -2 + 0 - (2 - (49 + -7 + -15)).
23
What is the value of (2 - -8) + -9 + (10 - 1) + 6?
16
What is the value of -11 - 4 - (81 + -104)?
8
-6 + 10 + -6 + (11 - 7) + 0
2
What is 7 - (7 + 22) - (-13 - -4)?
-13
What is the value of 2 - (6 - (-9 - (-28 + 20)))?
-5
What is (-11 - -10) + 2 - -4?
5
What is the value of (-1 - (-5 - 8)) + -18 - (-18 - -1)?
11
What is the value of 33 - (4 + 18 - 6)?
17
Calculate 7 + -3 - ((22 - 37) + 6).
13
Evaluate -1193 + 1207 - (27 + 1).
-14
What is (-3 + 2 - (2 + -20 + 24)) + 38?
31
-7 + -8 - -4 - (22 + -17)
-16
Evaluate (-18 - (-4 + -6 + -2)) + 1 + 4.
-1
What is -10 + 2 - -9 - 9?
-8
What is the value of (30 - 33) + (-6 - (-4 - -3))?
-8
(-18 - -22) + 11 + -23
-8
-9 - 65 - (-61 - -21)
-34
Calculate (33 - 42) + (19 - 0) + (-1 - 1).
8
Evaluate (1 - (9 + 0)) + 0 + 2 - -18.
12
Evaluate -12 + -7 - (-16 - -8) - (-3 + -16).
8
Evaluate 26 + -1 - (47 + (-12 - 28)).
18
(0 - (-2 + 19)) + 14
-3
What is the value of -32 - (-14 + 13 + 0 + -7)?
-24
Evaluate 47 + (-22 - 17) + 5 + (-2 - -2).
13
What is the value of -41 - (-20 + -18) - (-38 - 0)?
35
Calculate (16 + -37 - -19) + -26.
-28
What is the value of ((-2 - -9) + 11 + 11 - -4) + -10?
23
What is -20 + -12 + (4 - -26)?
-2
What is 61 + (-4 - 42) + 17?
32
Evaluate 2 + 1 + 11 + -2 + 8.
20
What is the value of (-60 - -35) + -15 - -61?
21
15 + (-9 - 12) - -14
8
Calculate (2 - (-2 - (-5 + -1))) + 4 + 4.
6
What is the value of -12 - (-19 + 8 + -5) - 8?
-4
Calculate 336 + -341 + (2 - (24 + -3)).
-24
Calculate -1 - -20 - (123 + -109).
5
What is -11 + (2 - 1 - (1 - (0 - -3)))?
-8
Evaluate 16 + -2 - (-6 - (-9 + -7)) - -23.
27
Evaluate (-61 - -19 - -26) + -4.
-20
Evaluate -43 + 17 - -42 - (2 + -1).
15
Calculate (-30 - -11) + -21 - -13.
-27
Calculate (33 - 5) + -18 + 1 - (-25 + -1).
37
Evaluate 9 - (-9 + (5 - -15)).
-2
-15 - (26 - 2) - (-4 - (-3 - -4))
-34
What is the value of 3 - 2 - (-1 + -1)?
3
Calculate -16 - (-22 + (-2 - 19)).
27
What is 2 - (5 - -3) - (20 + -14 + -2)?
-10
-2 + -36 - (-226 + 182)
6
5 - (-8 - (-2 + 10 + -7))
14
What is the value of -7 - ((0 + 0 - (32 + -29)) + 0)?
-4
Evaluate 9 + 11 - (19 - (-3 + 7)).
5
What is the value of (11 + -7 + 3 - 17) + (2 - 2)?
-10
Calculate -6 - (-2 + 2 - 3) - (184 + -191).
4
What is 19 + -13 + 9 + (7 - 48)?
-26
What is the value of 40 + (-23 + 1 + 21 - (9